3 = t - 4. Let o(d) = 2*d**2 - d - 10. Let h(i) = i**2 - 5. Let x(m) = -7*h(m) + 4*o(m). Determine x(t).
0
Let q be (-3)/2*(-2)/3. Let k(m) = 2 + 2 - 5 + 2*m. Give k(q).
1
Suppose 0 = 7*f - 9 + 2. Let g(o) be the second derivative of o**8/6720 - o**5/120 - o**4/12 + o. Let s(a) be the third derivative of g(a). Give s(f).
0
Let n(t) = -t + 1. Let p be n(-5). Suppose 5*o + 5 = -a, -3*a - 15 = 2*o - o. Let v(u) = -6*u - 2*u + 5 + o*u**3 + 6*u**3 - 7*u**3 + 7*u**2. Give v(p).
-7
Suppose -10 - 14 = -4*x. Let n(u) = 3*u**3 - 6*u**2 - u + 7. Let q(f) = 4*f**3 - 6*f**2 - f + 8. Let s(j) = -3*n(j) + 2*q(j). Determine s(x).
1
Let g(v) = v**2 + 5*v + 1. Suppose 0 = 7*m + 35 - 14. Determine g(m).
-5
Let g(w) = -2*w**3 + 2*w. Let o be g(-2). Suppose -5*s = -2*r + 6, 4*r = 3*s - 8*s + o. Let x be (-9)/(r*-1)*-1. Let y(h) = h**2 + 3*h + 3. Determine y(x).
3
Let r be -5 + (-5)/((-5)/3). Let l(m) = -3*m - 2*m**3 + 4*m + 0*m**3 - 1 - m**2. Give l(r).
9
Let y(q) = 2 - 4*q**2 - 1 + q**3 - 2 + 3*q. What is y(2)?
-3
Let u(v) = -5*v**2 + 2*v - 1. Let b(j) = 7*j**2 - 3*j + 2. Let q(z) = -2*b(z) - 3*u(z). Give q(-2).
3
Let f(i) = i**2 - 5*i - 10. Let x(v) = -v**3 - v**2 + v + 7. Let c be x(0). Determine f(c).
4
Let f(t) = 1 - t - 7 - 4 + 11. Give f(2).
-1
Let f(w) = 2*w**2 + 5*w + 5. Let i(c) = -c**2 - c. Let s(l) = f(l) + i(l). Suppose -1 = 2*x + 7. Calculate s(x).
5
Suppose -2*i = -3*i. Let p = 56 + -54. Let m(r) = 2*r**2 - 1 - 3*r**p + i*r**2. Calculate m(0).
-1
Let i = -10 - -6. Let l = -1 + i. Let c(w) = -2*w - 6. What is c(l)?
4
Let s(t) be the third derivative of -t**4/8 - t**3/3 - 3*t**2. Suppose -5*h + 2 = 3*n, 0*h + h + 2*n = 6. Calculate s(h).
4
Let n(a) = -2*a + 5. Suppose 0 = -3*s - 2*f + 2, 5*s - 4*f = -6 + 46. Determine n(s).
-3
Let v(w) = 6*w - w + 0*w - 1 + 0*w. Give v(-1).
-6
Let s be (-1)/(-1)*27/(-9). Let j(f) = f**2 + 3*f - 2. Determine j(s).
-2
Let o(p) = -2*p. Let t be 2/(1/((-14)/(-4))). Let g(r) = 2*r**2 - 3*r + 2. Let y be g(2). Let h = t - y. Calculate o(h).
-6
Let h(c) = -c**3 + 6*c**2 + 8*c - 3. Let y be h(7). Let i(v) be the second derivative of -1/20*v**5 - 3*v + 0*v**2 + 0 + 5/6*v**3 + 1/4*v**y. Determine i(4).
4
Let i(b) be the second derivative of -7*b**4/24 + b**3/6 + 3*b**2/2 + b. Let u(k) be the first derivative of i(k). Calculate u(1).
-6
Let u(t) = t - 14. Let o = 64 + -53. Calculate u(o).
-3
Let i(x) = x**3 + 4*x**2 - 4*x. Suppose 6 = -4*q + 18. Let k be (q/6)/(1/(-10)). Calculate i(k).
-5
Let p(u) = u**2 + u - 3. Suppose 2*z = 2*b + 4, -2*b + 0*z = z - 2. Let j(x) = -x**3 + x - 1. Let f be j(b). Let d = 4 + f. What is p(d)?
9
Let u(m) = 4*m**3 + 5*m - 3. Let n(t) = -t**3 + t**2 - t + 1. Let w be (2 + (-1 - 0))*5. Let i(a) = w*n(a) + u(a). Calculate i(5).
2
Let y = 2 + -5. Let j(x) be the third derivative of x**5/120 + x**4/8 - x**3/3 + 2*x**2. Let s(u) be the first derivative of j(u). Calculate s(y).
0
Let a(v) = v**3 - 6*v**2 + v + 3. Let l = -13 + 15. Suppose -7*c = -l*c - 30. Determine a(c).
9
Let v(c) = -c**3 - 11*c**2 + 8*c + 9. Let p(f) = f**3 + 10*f**2 - 8*f - 8. Let m(g) = -6*p(g) - 5*v(g). Determine m(-6).
-9
Let n(s) be the second derivative of s**5/20 - s**4/2 + s**3/6 - 3*s**2/2 + 5*s. What is n(6)?
3
Let z(v) be the first derivative of 3*v**3 + v**2/2 - 3. Let b = -17 - -16. Calculate z(b).
8
Let i = -9 - -5. Let g(k) be the first derivative of k**4/24 - k**3/3 - k**2 + 1. Let v(o) be the second derivative of g(o). Determine v(i).
-6
Let d(a) = 4*a - 2. Let c = 6 - -2. Suppose 4*r = 6*r - c. Calculate d(r).
14
Let u(o) = o**2 - 8*o + 6. Let r be (90/25 + -6)/((-4)/10). What is u(r)?
-6
Let m be ((-15)/(-6) + -3)*0. Let a(l) = 39*l**3 + 1 - l - 40*l**3 - 3. What is a(m)?
-2
Let k(j) be the first derivative of -j**4/4 - 2*j**3/3 + 3*j**2/2 + j + 6. Calculate k(-3).
1
Let a(s) = -5*s - 1. Let t(k) = k - 1. Let w(d) = a(d) + 6*t(d). Give w(3).
-4
Suppose 2*y = 5*y. Suppose -3*h - 2*i + i = 3, y = -3*i. Let d(r) = -15*r + 7. Let w(p) = 7*p - 3. Let o(m) = -2*d(m) - 5*w(m). What is o(h)?
6
Suppose 9*n = 6*n - 9. Let v(u) = u - 3. Give v(n).
-6
Let r(s) = -s**3 + 5*s**2 - 4*s. Suppose 16 = -5*h + 9*h. What is r(h)?
0
Let m(k) be the third derivative of k**4/12 - 2*k**3/3 - 6*k**2. What is m(3)?
2
Let x(b) = b**3 + 3*b**2 - 6*b + 4. Let a(d) = 2*d**3 + 5*d**2 - 12*d + 8. Suppose -3*o + 11 = -4*o. Let t(p) = o*x(p) + 6*a(p). Determine t(4).
-4
Let j(o) = -o**3 - 5*o**2 - 3*o - 1. Suppose 6 = -3*u - 6. Let m be j(u). Let h(c) = -3*c - 3 + c + c. What is h(m)?
2
Suppose 10 = 2*w + 5*j, -w = 5*j + 1 - 11. Let t(p) be the first derivative of p**2/2 + 10*p + 22. What is t(w)?
10
Let v(u) be the second derivative of -2*u**3/3 - 5*u. Calculate v(2).
-8
Let p be (6/(-4))/((-3)/(-8)). Let t(s) = 2*s**2 + 4*s**3 + 12*s - 17*s - 3*s**3 + s**2 + 2. Calculate t(p).
6
Let b(d) be the second derivative of -d**4/3 + d**3/3 + d**2/2 + 7*d. What is b(2)?
-11
Let g(t) = 5*t + 0*t + 2*t**2 - 8*t + 0*t + 2. What is g(2)?
4
Let o(k) = -k**2 + 5*k - 2. Suppose t + 2 + 0 = 0. Let r be 35/10 + t/4. Give o(r).
4
Let p be (-2)/6 + (-60)/(-18). Let u(k) = 5*k + 5*k**p - k - 6 - 4*k**3 - 6*k**2. Give u(5).
-11
Let x(u) be the second derivative of u**4/12 + 3*u**3/2 + 7*u**2/2 + 135*u. Let y(j) = -j**3 + 4*j**2 + 3*j + 5. Let w be y(5). Determine x(w).
-13
Suppose 20 = -4*x, 4*b + x - 5*x = 76. Let y be (-4)/14 - (-4)/b. Let l(k) = k + 8. What is l(y)?
8
Let m(s) be the second derivative of -s**5/20 + s**4/2 - s**3/6 - 3*s**2/2 + 67*s. Calculate m(6).
-9
Let h(f) = f**2 + 4*f - 4. Let j(c) = c**2 - c + 1. Let l(t) = -h(t) + 2*j(t). What is l(5)?
1
Let j(d) be the second derivative of -d**4/12 + 7*d**3/6 - 2*d**2 + 56*d. Let q = -7 + 13. Determine j(q).
2
Let q(w) = -w**3 - w**2 - w - 4. Let j be q(-4). Suppose -4*a = 4*x + j, -3*x - 2*a = -0*x + 41. Let t = 12 + x. Let i(m) = -m - 2. Determine i(t).
3
Let y(l) = 2 - 3*l - 5*l**2 + l + 0. Suppose 0 = 2*n + 1 + 3. Determine y(n).
-14
Let m(j) = 6*j**3 - j**2 + 1. Let z(a) be the third derivative of a**5/60 - a**4/6 - a**3/3 - 2*a**2. Let n be z(5). Suppose 5*l + 2 = -n. What is m(l)?
-6
Let t(k) be the third derivative of 1/12*k**4 + 0*k - 1/3*k**3 + 0 + k**2 + 1/30*k**5 - 1/60*k**6. Determine t(2).
-6
Let n = -10 - -1. Let c be (-2)/n - 195/27. Let z(l) = l**3 + 7*l**2 - l - 3. Determine z(c).
4
Let p(x) = 2*x. Let o be p(2). Suppose -4*t - 5*g + 0*g + 36 = 0, -3*t + o*g - 4 = 0. Let h(v) = 4 + 2*v + 0*v - 3*v. Calculate h(t).
0
Suppose 4 = 2*f - 0. Let r = 7 - 4. Let b(h) = -h**3 - 1 - 2*h - h + 3 + r*h**2. What is b(f)?
0
Let i(v) = v**3 - v**2 + v - 1. Let c be i(0). Let q(l) be the first derivative of 5*l**2/2 - 3. Determine q(c).
-5
Let d(g) be the first derivative of g**4 - 7. Calculate d(-1).
-4
Let k(x) = x**2 + 4*x - 1. Let a be k(-5). Suppose m + 5*u - 25 = 0, -3*u + 7 = -a*m - 8. Let t(b) = -b + m*b + 3*b. Determine t(-3).
-6
Let g(n) = n**2 - 2. Let p(m) = -m**2 + m + 1. Let j(o) = -6*g(o) - 5*p(o). What is j(-5)?
7
Suppose -4*g + 5*o - 13 - 20 = 0, g + 12 = 2*o. Let c(u) = -2*u + 3. Let f(b) = 6*b - 8. Let m(p) = 8*c(p) + 3*f(p). Calculate m(g).
-4
Let j(s) = -3*s**3 + 8*s**2 + 8*s + 16. Let w(q) = -q**3 + 3*q**2 + 3*q + 5. Let d = 12 + -20. Let v(y) = d*w(y) + 3*j(y). Give v(0).
8
Suppose 0*r = -3*r. Suppose 0*q - 4*q - 20 = r. Let s = q - -8. Let j(i) = i - 4. What is j(s)?
-1
Let j be 2 + ((-143)/(-77) - (-2)/14). Let a(r) = 4*r - 2. What is a(j)?
14
Let f(m) = -m**2 + 3*m - 1. Let g(w) be the third derivative of -w**5/60 + 7*w**4/24 + 7*w**3/6 + 2*w**2. Let x be g(7). Suppose -x - 1 = -2*y. Give f(y).
-5
Suppose -g + 5*f + 20 = 0, -2*f = 2*g - 4*g. Let v(z) be the third derivative of z**6/120 + z**5/12 + z**4/24 - z**3/3 + 5*z**2. Calculate v(g).
-7
Let u(q) be the third derivative of 1/3*q**3 + 0 - 10*q**2 + 1/24*q**4 + 0*q. What is u(-3)?
-1
Let c(n) = 92*n**2 + 87*n**2 - 184*n**2. What is c(-1)?
-5
Let k(r) = -11 - r**3 - 68*r + 78*r - 6*r**2 - 4*r**2. Let s be k(-11). Let y(c) = c**2 - 4 - 2*c**3 - 3*c**3 + 4*c**3. Determine y(s).
-4
Let z = -17 + 22. Let r(m) = -2*m**2 + z*m**3 + 1 - 42*m + 42*m. Let f be (0 - 1/(-2))*2. Determine r(f).
4
Suppose 4*r - 9 + 9 = 0. Let u(m) = -5*m**2 - 5*m - 22. Let p(t) = -t**2 - t - 1. Let q(b) = -4*p(b) + u(b). Determine q(r).
-18
Let c be (3/